 10. Suppose -17*b = 34 - 0. List the prime factors of q(b).
2, 193
Let z be ((-30)/8)/((-2)/24). Suppose -5*r + 5*n + z = -0*n, -5*n = 0. Suppose 10*g = r*g + 38. List the prime factors of g.
2, 19
Let h(g) = -g - 2. Let p(s) = 11*s - 231. Let f(o) = -2*h(o) - p(o). What are the prime factors of f(0)?
5, 47
Suppose 6624 = 2*m + 3*v, 0 = -4*m - 11*v + 7*v + 13240. What are the prime factors of m?
2, 3, 19, 29
Let z(d) = -28*d + 50. Suppose 4*l = -o - 74, 5*l + o + 107 = 15. List the prime factors of z(l).
2, 277
Let u(c) = c**3 + 9*c**2 + c + 2. Let b be u(-8). Let v = 339 - 239. Let h = v - b. What are the prime factors of h?
2, 3, 7
Let i = 150 + -140. Let d(t) = 66*t - 125. List the prime factors of d(i).
5, 107
Suppose 554*b - 8652 = 551*b. Suppose 0 = 15*p - 19*p + b. List the prime factors of p.
7, 103
Suppose x = 5*f + 1, -3*x + 8*f - 12*f = -22. Let n be x/(-4)*2980/(-15). Let w = n + -183. What are the prime factors of w?
5, 23
Suppose 4*z - q - 27451 = 1698, 2*q = 4*z - 29154. What are the prime factors of z?
2, 3643
Suppose 0 = -6*q - 125 + 485. Suppose -11*g + 951 = q. Suppose o - g = 27. List the prime factors of o.
2, 3
Let o = -61 - -144. Suppose -j - o = -3*j - 5*d, -3*d - 3 = 0. Suppose -9*t + j = -379. List the prime factors of t.
47
Let u be 25/1 + (1 - 10/2). Let x be ((-12)/(-14))/(((-9)/u)/3). Let z(n) = -n**3 - 4*n**2 - 14*n - 11. List the prime factors of z(x).
5, 29
Suppose -261*l - 1242 = -255*l. Let g = 594 + l. What are the prime factors of g?
3, 43
Let x = 293 - 298. Let r = x - -636. List the prime factors of r.
631
Let d(h) = -67*h + 29 + 183*h - 63*h - 67*h - 9. Let t(b) = -b**2 - 1. Let i be t(2). What are the prime factors of d(i)?
2, 3, 5
Suppose 27*j + 2003 = 32. Suppose 0 = -0*b + b + 2*a + 215, b + 5*a + 215 = 0. Let t = j - b. List the prime factors of t.
2, 71
Let k(s) = -s**3 + 16*s**2 + 17*s + 5. Let o be k(17). Suppose 2*x + 2 = 0, 2*h - 11 - 64 = -o*x. Suppose -h*r + 37*r = -159. List the prime factors of r.
53
Let y(d) = -4 + 10*d - 12*d + 3*d. Let a be y(8). Suppose 81 = a*g - l, 0 = -g - 2*g - 3*l + 72. What are the prime factors of g?
3, 7
Let v = 697 + -1313. What are the prime factors of 14 + -5 + -8 - v?
617
Let r = -39 + -6. Let l be ((r/(-10))/9)/(1/4). Suppose 4*n + 0*n - 136 = 4*p, p + 63 = l*n. List the prime factors of n.
29
List the prime factors of -5 + (3 - -2821) - (-8 + 2).
5, 113
Let b(k) = 2*k**2 + 3*k - 8. Let r be b(-4). Suppose -3*g - 18 = -r*g. Suppose g*y + 2*x - 18 = 32, 2*y + 5*x - 35 = 0. List the prime factors of y.
2, 3, 5
Suppose -1763969 - 1394693 - 12314862 = -223*m. List the prime factors of m.
2, 11, 19, 83
Let w = 24003 - 9262. What are the prime factors of w?
14741
Let l(d) = 7*d**2 - 65*d - 152. List the prime factors of l(-26).
2, 3, 5, 11, 19
Let u(a) be the third derivative of -a**4/6 + 539*a**3/6 - 50*a**2. List the prime factors of u(0).
7, 11
Let b be ((-12)/15)/(84/(-45) - -2). Let k = -3 - b. Suppose -2*i + 450 = k*i. What are the prime factors of i?
2, 3, 5
Let y(c) = 167*c + 223. List the prime factors of y(7).
2, 3, 29
Let a(w) = 66*w**2 + 166*w - 20. What are the prime factors of a(-7)?
2, 3, 19
Let y(i) = 14*i**2 + 8*i - 53. Let l(s) = -5*s**2 - 3*s + 18. Suppose 3*w = -4 + 13. Let u(p) = w*y(p) + 8*l(p). What are the prime factors of u(10)?
5, 37
Let f(i) = -i**2 - 9*i - 17. Let z be f(-5). Suppose 0 = -m - z, 2*m + 232 = 2*g - 484. Suppose 71 = 2*j - 5*r - 71, 5*j = 5*r + g. List the prime factors of j.
71
Let i be (-16 - -27) + 1*3. Suppose -5*o + u = -963, i*o - 19*o = -5*u - 955. List the prime factors of o.
193
Let l(f) = f**2 + 9*f + 603. Let x(r) = r**3 - 17*r**2 + 27*r + 45. Let m be x(15). List the prime factors of l(m).
3, 67
Suppose -2*u - 12 = 8. Let w be 93/3*(-7)/(-14)*2. Let t = w + u. What are the prime factors of t?
3, 7
Let i = -2587 - -3628. List the prime factors of i.
3, 347
Suppose -15*w - 17153 = -103773 - 30245. What are the prime factors of w?
3, 7, 53
Let f(d) = 4*d**2 - 10*d + 4. Let l be f(2). Let r(s) = 10*s + 1311. What are the prime factors of r(l)?
3, 19, 23
Let m(f) = f**3 - 11*f**2 - 22*f - 36. Let n be m(13). Suppose -2*q + w = -1619 - 447, -n = 4*w. What are the prime factors of q?
1031
Suppose -5*d + 67860 = 5*p, -3*p + 24*d + 40764 = 19*d. What are the prime factors of p?
2, 3, 31, 73
Let a(z) = z**3 + 19*z**2 - 22*z - 36. Let l be a(-20). Let m(y) = 6*y**2 - 28*y + 104. List the prime factors of m(l).
2, 11
Suppose 19866 = -19*s + 87063 + 48684. What are the prime factors of s?
3, 19, 107
Let x = -103 + 170. Let w = x - 68. What are the prime factors of (3/4*2)/(w/(-78))?
3, 13
Let j(b) = -3*b**2 + 11*b - 10. Let x be j(8). Let s = -104 - x. What are the prime factors of s?
2, 5
List the prime factors of (1 - (-25744)/20)/(58/290).
3, 19, 113
Suppose -c + 4*t + 16 = 0, 2*t - 8 = -16. Suppose 4*q - 1452 = -c*q. What are the prime factors of q?
3, 11
Let u = 382 - 988. Let m = u + 1079. What are the prime factors of m?
11, 43
Let n(a) = -709*a + 66. List the prime factors of n(-6).
2, 3, 5
Let i = -72 + 38. Let l(g) = -16*g - 41. Let h be l(-8). Let b = h + i. List the prime factors of b.
53
Let a = -634 + 688. Let w = a - 3. List the prime factors of w.
3, 17
Suppose 44*a = 69*a - 734435 + 51110. List the prime factors of a.
3, 3037
Let f(s) = -158068*s - 3*s**2 + 158060*s - 27 + 6*s**2. What are the prime factors of f(-9)?
2, 3
Let h = 5668 + 268. List the prime factors of h.
2, 7, 53
Let r(m) = 7 - 1 - 14*m - 1. Let t be r(12). Let h = 237 + t. What are the prime factors of h?
2, 37
Suppose 18 = 7*k + 2*k. Suppose 2*c - 5*l - 25 = 0, 5*c + l - 109 = -k*l. Suppose 0 = 5*y + c, -h + 165 = -5*y - 0*y. What are the prime factors of h?
5, 29
Let t(i) = i**3 + 12*i**2 + 9*i + 3. Let h be t(-9). Let p = 150 + h. List the prime factors of p.
3, 5, 7
Let i = 39480 + 8654. List the prime factors of i.
2, 41, 587
Let m(d) = -d**3 + 45 - 4*d**2 - 7*d**3 + 4*d**2 + 3*d**2 + 12*d. List the prime factors of m(-4).
557
Suppose -125*f = -101*f - 120. Let l = 3 - 0. Suppose -2*d = l*y - 410, -d + 674 = -0*y + f*y. List the prime factors of y.
2, 67
Suppose -14*u - 2*m + 100148 = 0, u = -6*m + 9*m + 7144. What are the prime factors of u?
23, 311
Suppose 0 = -2*j - 5*o + 4676, -10*o = -15*o - 10. Suppose -9*a + 6414 = -j. List the prime factors of a.
7, 139
Let q = 2280 - 835. What are the prime factors of -5 + -2 + q + 1 + -5?
2, 3, 239
Suppose -424 = -4*h + 3*h. Suppose -12*l = -h - 80. Let a = l - 34. What are the prime factors of a?
2
Suppose 0 = -4*g + 28 - 4. Let w be g*10*(-2)/(-24). Suppose -w*x - 6 = -16. List the prime factors of x.
2
Suppose 5*f - 3*i = 201601, 68*i - 10 = 73*i. List the prime factors of f.
23, 1753
Suppose 4*u + 3351 = 5*z, 35*z = 34*z - 2*u + 673. What are the prime factors of z?
11, 61
Let n(q) = q**2 + 4*q - 45. Let s be n(-9). Suppose s*j = -14*j + 8624. List the prime factors of j.
2, 7, 11
Let b(s) = -s**3 + 5*s**2 + 2. Let p be b(5). Let f = 8 + p. Let o(t) = -t**3 + 10*t**2 + t + 5. What are the prime factors of o(f)?
3, 5
List the prime factors of (-12)/(-5 - -3)*(-49556)/(-78).
2, 953
Suppose -39*a = -34*a - 10. Suppose 493 = v + a*z, -2479 = -5*v + z + 3*z. List the prime factors of v.
3, 5, 11
Let o(t) = -120*t - 12. Let x be o(-5). Suppose 0 = 9*l + 3*l - x. Suppose 0*q + 5*b = 3*q - 26, 2*q = -3*b + l. List the prime factors of q.
17
What are the prime factors of (-4)/34 + 693196/34 - 1*-2?
2, 5, 2039
Suppose -18001 + 1081 = 15*v. Let g = 2403 + v. What are the prime factors of g?
3, 5, 17
Suppose 68*f - 73*f = 5, 2*b + 2*f - 89542 = 0. List the prime factors of b.
2, 3, 7, 13, 41
Let m(d) = 28*d**2 - 7*d - 16. Let j be m(-3). Suppose 2*k - j - 251 = 0. List the prime factors of k.
2, 127
Suppose 8*h - 4*h - 11172 = 3*a, 2*h - 5596 = -a. Suppose 1092 + h = 12*f. List the prime factors of f.
2, 3
Suppose -4*k + 14 - 2 = 2*w, 0 = 2*w - k + 3. Suppose -7*n + 3204 + 800 = w. List the prime factors of n.
2, 11, 13
Suppose 19*g = 24*g + 10. Let b(k) = -6 + 5 - 3 - 7 - 43*k. List the prime factors of b(g).
3, 5
Let r = 21307 + -2125. List the prime factors of r.
2, 3, 23, 139
Let d(y) be the first derivative of -14*y + 9/2*y**2 - 1/4*y**4 - 11/3*y**3 + 12. What are the prime factors of d(-